{"id":844,"date":"2023-03-05T13:47:58","date_gmt":"2023-03-05T13:47:58","guid":{"rendered":"http:\/\/sylviebourniquel.com\/?page_id=844"},"modified":"2024-12-22T14:19:58","modified_gmt":"2024-12-22T14:19:58","slug":"parcours","status":"publish","type":"page","link":"https:\/\/sylviebourniquel.com\/?page_id=844","title":{"rendered":"Parcours"},"content":{"rendered":"\n<h2 class=\"wp-block-heading alignwide has-text-align-left has-neve-link-hover-color-color has-text-color has-x-large-font-size\">Sylvie BOURNIQUEL<\/h2>\n\n\n\n<h1 class=\"wp-block-heading alignwide has-text-align-left has-neve-link-hover-color-color has-text-color\" style=\"font-size:23px\"><em>Croquis sur le vif &#8211; Dessin &#8211; Peinture<\/em><\/h1>\n\n\n\n<div style=\"height:56px\" aria-hidden=\"true\" class=\"wp-block-spacer\"><\/div>\n\n\n\n<p class=\"has-text-align-center has-small-font-size\">J&rsquo;ai commenc\u00e9 \u00e0 montrer mon travail plastique en 1987<br>avec une exposition de croquis sur le vif, \u00e0 l\u2019encre et au pinceau.<\/p>\n\n\n\n<p class=\"has-text-align-center has-small-font-size\">Croquer sur le vif, c&rsquo;est attraper un intervalle, quelques secondes,<br>un mouvement, une \u00e9motion, un r\u00e9pit. Percevoir la substance n\u00e9cessaire <br>\u00e0 la compr\u00e9hension du sujet sans se laisser pi\u00e9ger par le d\u00e9tail.<\/p>\n\n\n\n<p class=\"has-text-align-center has-small-font-size\">Je croque divers sujets, parfois en mouvement, avec une pr\u00e9f\u00e9rence<br>pour les animaux, les gens dans les parcs ou les caf\u00e9s, la danse<br>(notamment lors des r\u00e9p\u00e9titions du ballet du Capitole de Toulouse).<br>J&rsquo;ai souvent utilis\u00e9 mes croquis comme base pour les acryliques sur toile.<\/p>\n\n\n\n<p class=\"has-text-align-center has-small-font-size\">Aujourd&rsquo;hui je travaille davantage sur papier.<br>Sur le vif, d&rsquo;imagination ou parfois inspir\u00e9 de photos,<br>j&rsquo;aime dessiner sans crayonn\u00e9 pr\u00e9alable.<br>Pinceau et encre, marqueur acrylique, stylo \u00e0 bille&#8230;<br>des outils qui me permettent un trait\u00e9 spontan\u00e9 et dynamique.<\/p>\n\n\n\n<div style=\"height:56px\" aria-hidden=\"true\" class=\"wp-block-spacer\"><\/div>\n\n\n\n<p><strong>Prix<\/strong><br>1er Prix Concours national de d\u00e9cor d&rsquo;assiette &#8211; Guy Degrenne (2008)<br>Prix DENAT \u00ab\u00a0sp\u00e9cial jeune\u00a0\u00bb &#8211; Salon de Castelnaudary (1994)<br>M\u00e9daille de bronze Grand prix \u00ab\u00a0Th\u00e8me Espagne\u00a0\u00bb salon International Toulouse-Hispania (1993)<\/p>\n\n\n\n<p style=\"font-size:18px\"><strong>Editions<\/strong><br>Toulouse, Territoires du Tramway &#8211; Editions Privat\/Tiss\u00e9o &#8211; 2010<br>Illustration de la F\u00e9ria de Vic-Fezensac pour la D\u00e9p\u00eache du Gers (1993 \u00e0 1999)<br>Revue \u00ab&nbsp;Sang d&rsquo;Encre&nbsp;\u00bb n\u00b0 105, 108, 109, 110, 112, 113, 114, 115, 116, 117, 118<\/p>\n\n\n\n<p style=\"font-size:18px\"><strong>Documentaire<\/strong><br>R\u00e9alisation d&rsquo;une s\u00e9rie de dessins pour le g\u00e9n\u00e9rique \u00ab\u00a0Puccini\u00a0\u00bb &#8211; Les Films Figures Libres &#8211; 2015<br>Intervention dans le docu-fiction \u00ab\u00a0La sauvage des Pyr\u00e9n\u00e9es\u00a0\u00bb &#8211; &nbsp;Les Films Figures Libres &#8211; 2012<\/p>\n","protected":false},"excerpt":{"rendered":"<p>Sylvie BOURNIQUEL Croquis sur le vif &#8211; Dessin &#8211; Peinture J&rsquo;ai commenc\u00e9 \u00e0 montrer mon travail plastique en 1987avec une exposition de croquis sur le vif, \u00e0 l\u2019encre et au pinceau. Croquer sur le vif, c&rsquo;est attraper un intervalle, quelques secondes,un mouvement, une \u00e9motion, un r\u00e9pit. Percevoir la substance n\u00e9cessaire \u00e0 la compr\u00e9hension du sujet&hellip; <a class=\"more-link\" href=\"https:\/\/sylviebourniquel.com\/?page_id=844\">Poursuivre la lecture <span class=\"screen-reader-text\">Parcours<\/span><\/a><\/p>\n","protected":false},"author":1,"featured_media":0,"parent":0,"menu_order":0,"comment_status":"closed","ping_status":"closed","template":"","meta":{"ngg_post_thumbnail":0,"footnotes":""},"class_list":["post-844","page","type-page","status-publish","hentry","entry"],"aioseo_notices":[],"_links":{"self":[{"href":"https:\/\/sylviebourniquel.com\/index.php?rest_route=\/wp\/v2\/pages\/844","targetHints":{"allow":["GET"]}}],"collection":[{"href":"https:\/\/sylviebourniquel.com\/index.php?rest_route=\/wp\/v2\/pages"}],"about":[{"href":"https:\/\/sylviebourniquel.com\/index.php?rest_route=\/wp\/v2\/types\/page"}],"author":[{"embeddable":true,"href":"https:\/\/sylviebourniquel.com\/index.php?rest_route=\/wp\/v2\/users\/1"}],"replies":[{"embeddable":true,"href":"https:\/\/sylviebourniquel.com\/index.php?rest_route=%2Fwp%2Fv2%2Fcomments&post=844"}],"version-history":[{"count":5,"href":"https:\/\/sylviebourniquel.com\/index.php?rest_route=\/wp\/v2\/pages\/844\/revisions"}],"predecessor-version":[{"id":1083,"href":"https:\/\/sylviebourniquel.com\/index.php?rest_route=\/wp\/v2\/pages\/844\/revisions\/1083"}],"wp:attachment":[{"href":"https:\/\/sylviebourniquel.com\/index.php?rest_route=%2Fwp%2Fv2%2Fmedia&parent=844"}],"curies":[{"name":"wp","href":"https:\/\/api.w.org\/{rel}","templated":true}]}}

<h2 class="wp-block-heading alignwide has-text-align-left has-neve-link-hover-color-color has-text-color has-x-large-font-size">Sylvie BOURNIQUEL</h2>



<h1 class="wp-block-heading alignwide has-text-align-left has-neve-link-hover-color-color has-text-color" style="font-size:23px"><em>Croquis sur le vif &#8211; Dessin &#8211; Peinture</em></h1>



<div style="height:56px" aria-hidden="true" class="wp-block-spacer"></div>



<p class="has-text-align-center has-small-font-size">J&rsquo;ai commencé à montrer mon travail plastique en 1987<br>avec une exposition de croquis sur le vif, à l’encre et au pinceau.</p>



<p class="has-text-align-center has-small-font-size">Croquer sur le vif, c&rsquo;est attraper un intervalle, quelques secondes,<br>un mouvement, une émotion, un répit. Percevoir la substance nécessaire <br>à la compréhension du sujet sans se laisser piéger par le détail.</p>



<p class="has-text-align-center has-small-font-size">Je croque divers sujets, parfois en mouvement, avec une préférence<br>pour les animaux, les gens dans les parcs ou les cafés, la danse<br>(notamment lors des répétitions du ballet du Capitole de Toulouse).<br>J&rsquo;ai souvent utilisé mes croquis comme base pour les acryliques sur toile.</p>



<p class="has-text-align-center has-small-font-size">Aujourd&rsquo;hui je travaille davantage sur papier.<br>Sur le vif, d&rsquo;imagination ou parfois inspiré de photos,<br>j&rsquo;aime dessiner sans crayonné préalable.<br>Pinceau et encre, marqueur acrylique, stylo à bille&#8230;<br>des outils qui me permettent un traité spontané et dynamique.</p>



<div style="height:56px" aria-hidden="true" class="wp-block-spacer"></div>



<p><strong>Prix</strong><br>1er Prix Concours national de décor d&rsquo;assiette &#8211; Guy Degrenne (2008)<br>Prix DENAT « spécial jeune » &#8211; Salon de Castelnaudary (1994)<br>Médaille de bronze Grand prix « Thème Espagne » salon International Toulouse-Hispania (1993)</p>



<p style="font-size:18px"><strong>Editions</strong><br>Toulouse, Territoires du Tramway &#8211; Editions Privat/Tisséo &#8211; 2010<br>Illustration de la Féria de Vic-Fezensac pour la Dépêche du Gers (1993 à 1999)<br>Revue «&nbsp;Sang d&rsquo;Encre&nbsp;» n° 105, 108, 109, 110, 112, 113, 114, 115, 116, 117, 118</p>



<p style="font-size:18px"><strong>Documentaire</strong><br>Réalisation d&rsquo;une série de dessins pour le générique « Puccini » &#8211; Les Films Figures Libres &#8211; 2015<br>Intervention dans le docu-fiction « La sauvage des Pyrénées » &#8211; &nbsp;Les Films Figures Libres &#8211; 2012</p>

<p>Sylvie BOURNIQUEL Croquis sur le vif &#8211; Dessin &#8211; Peinture J&rsquo;ai commencé à montrer mon travail plastique en 1987avec une exposition de croquis sur le vif, à l’encre et au pinceau. Croquer sur le vif, c&rsquo;est attraper un intervalle, quelques secondes,un mouvement, une émotion, un répit. Percevoir la substance nécessaire à la compréhension du sujet&hellip; <a class="more-link" href="https://sylviebourniquel.com/?page_id=844">Poursuivre la lecture <span class="screen-reader-text">Parcours</span></a></p>
